{"id":3077,"date":"2023-09-19T20:53:06","date_gmt":"2023-09-19T18:53:06","guid":{"rendered":"https:\/\/mvd-koblenz.de\/?page_id=3077"},"modified":"2023-09-19T20:53:07","modified_gmt":"2023-09-19T18:53:07","slug":"ullis-rundfahrt-2023","status":"publish","type":"page","link":"https:\/\/mvd-koblenz.de\/?page_id=3077","title":{"rendered":"Ulli&#8217;s Rundfahrt 2023"},"content":{"rendered":"\n<p>In diesem Jahr f\u00fchrte Ulli&#8217;s Rundfahrt in Gedenken an unseren Freund und Vereinskamerad Ulli durch das Lahntal und Teile des Taunus. Am 17.9.23 trafen sich die Teilnehmer mit rund 25 Fahrzeugen in Denzerheide am Reiterhof von Heinrich Dehe, wo die meisten der Teilnehmer am Vorabend das dortige Scheunenfest genossen.<br><br>Denzerheide liegt oberhalb von Bad Ems in der Gemeinde Eitelborn (Westerwald). Start und Ziel war in Denzerheide, die Strecke f\u00fchrte zun\u00e4chst &#8222;bergab&#8220; nach Bad Ems und dann durch abgelegene Stra\u00dfen des Taunus, s\u00fcdlich der Lahn. Die Einkehr zum Mittagessen im Restaurant &#8222;Sch\u00f6ne Aussicht&#8220; st\u00e4rkte die Teilnehmer f\u00fcr die zweite Etappe von Ulli&#8217;s Rundfahrt: Entlang der Lahn \u00fcber Laurenburg, Nassau und Dausenau zur\u00fcck nach Bad Ems und schlie\u00dflich zum Endpunkt Denzerheide.<br><br>Organisiert hatte Dietmar Altmaier die Rundfahrt wie auch die Teilnahme am Scheunenfest bei Heinrich Dehe, der f\u00fcr die Teilnehmer des MVD eine gem\u00e4hte Wiese bereitstellte, damit diese dort \u00fcbernachten und als Sammelplatz f\u00fcr die Aufstellung zu Beginn und zum Ende der Rundfahrt nutzen konnten. Beiden gilt der Dank aller Teilnehmer: Dietmar f\u00fcr das bemerkenswerte Engagement hinsichtlich der Organisation und der grandiosen Durchf\u00fchrung, Herrn Dehe f\u00fcr den warmherzigen Empfang und die Bereitstellung des oben genannten Sammelplatzes.<br><br>Bilder der Rundfahrt findest Du hier: <a href=\"https:\/\/mvd-koblenz.de\/?bwg_gallery=ullis-rundfahrt-2023-bilder\">Unterpunkt Ullis Rundfahrt 2023 Bilder<\/a><\/p>\n","protected":false},"excerpt":{"rendered":"<p>In diesem Jahr f\u00fchrte Ulli&#8217;s Rundfahrt in Gedenken an unseren Freund und Vereinskamerad Ulli durch das Lahntal und Teile des Taunus. Am 17.9.23 trafen sich die Teilnehmer mit rund 25 Fahrzeugen in Denzerheide am Reiterhof von Heinrich Dehe, wo die meisten der Teilnehmer am Vorabend das dortige Scheunenfest genossen. Denzerheide liegt oberhalb von Bad Ems &hellip; <\/p>\n<p><a class=\"more-link btn\" href=\"https:\/\/mvd-koblenz.de\/?page_id=3077\">Weiterlesen<\/a><\/p>\n","protected":false},"author":12,"featured_media":0,"parent":0,"menu_order":0,"comment_status":"closed","ping_status":"closed","template":"","meta":{"footnotes":""},"_links":{"self":[{"href":"https:\/\/mvd-koblenz.de\/index.php?rest_route=\/wp\/v2\/pages\/3077"}],"collection":[{"href":"https:\/\/mvd-koblenz.de\/index.php?rest_route=\/wp\/v2\/pages"}],"about":[{"href":"https:\/\/mvd-koblenz.de\/index.php?rest_route=\/wp\/v2\/types\/page"}],"author":[{"embeddable":true,"href":"https:\/\/mvd-koblenz.de\/index.php?rest_route=\/wp\/v2\/users\/12"}],"replies":[{"embeddable":true,"href":"https:\/\/mvd-koblenz.de\/index.php?rest_route=%2Fwp%2Fv2%2Fcomments&post=3077"}],"version-history":[{"count":6,"href":"https:\/\/mvd-koblenz.de\/index.php?rest_route=\/wp\/v2\/pages\/3077\/revisions"}],"predecessor-version":[{"id":3090,"href":"https:\/\/mvd-koblenz.de\/index.php?rest_route=\/wp\/v2\/pages\/3077\/revisions\/3090"}],"wp:attachment":[{"href":"https:\/\/mvd-koblenz.de\/index.php?rest_route=%2Fwp%2Fv2%2Fmedia&parent=3077"}],"curies":[{"name":"wp","href":"https:\/\/api.w.org\/{rel}","templated":true}]}}