{"id":2206,"date":"2020-08-19T22:53:12","date_gmt":"2020-08-19T20:53:12","guid":{"rendered":"https:\/\/mvd-koblenz.de\/?page_id=2206"},"modified":"2020-08-25T11:24:08","modified_gmt":"2020-08-25T09:24:08","slug":"der-mvd-koblenz-im-tv","status":"publish","type":"page","link":"https:\/\/mvd-koblenz.de\/?page_id=2206","title":{"rendered":"Der MVD Koblenz im TV"},"content":{"rendered":"\n<p>Hier findest Du bisher ausgestrahlte TV-Beitr\u00e4ge als Clips, haupts\u00e4chlich zur Schmidtenh\u00f6he der vergangenen Jahre.<\/p>\n\n\n\n<p><strong>Military Vehicle Drivers: Milit\u00e4rfahrzeuge im Naturschutzgebiet<\/strong><\/p>\n\n\n\n<p><a href=\"https:\/\/www.tv-mittelrhein.de\/show-format\/live-ab-6\/military-vehicle-drivers-koblenz-21599.html\"><span style=\"color:#0909ec\" class=\"has-inline-color\">https:\/\/www.tv-mittelrhein.de\/show-format\/live-ab-6\/military-vehicle-drivers-koblenz-21599.html<\/span><\/a><a href=\"https:\/\/www.tv-mittelrhein.de\/show-format\/live-ab-6\/ military-vehicle-drivers-koblenz-21599.html\"><span style=\"color:#0909ec\" class=\"has-inline-color\"><span style=\"color:#1509f0\" class=\"has-inline-color\"><\/span><\/span><\/a><\/p>\n\n\n\n<p><strong>Spektakel auf der Schmidtenh\u00f6he, mit Interview mit Stephan Haussels<\/strong><\/p>\n\n\n\n<p><a href=\"https:\/\/www.tv-mittelrhein.de\/show-format\/live-ab-6\/spektakel-auf-der-schmidtenhoehe-30603.html\"><span style=\"color:#160aed\" class=\"has-inline-color\">https:\/\/www.tv-mittelrhein.de\/show-format\/live-ab-6\/spektakel-auf-der-schmidtenhoehe-30603.html<\/span><\/a><\/p>\n\n\n\n<p><strong>Naturschutz mit dem Panzer auf der Schmidtenh\u00f6he: Ausgestrahlt im TV Mittelrhein (2018)<\/strong><\/p>\n\n\n\n<p><a href=\"https:\/\/www.tv-mittelrhein.de\/show-format\/live-ab-6\/naturschutz-mit-dem-panzer-22096.html\"><span style=\"color:#0e0aed\" class=\"has-inline-color\">https:\/\/www.tv-mittelrhein.de\/show-format\/live-ab-6\/naturschutz-mit-dem-panzer-22096.html<\/span><\/a><\/p>\n\n\n\n<p><strong>Military Vehicle Drivers: Schon einmal in Kontakt mit Milit\u00e4rfahrzeugen gekommen? Interview mit Stephan Haussels im Studio des TV Mittelrhein (2019)<\/strong><\/p>\n\n\n\n<p><a href=\"http:\/\/www.tv-mittelrhein.de\/show-format\/live-ab-6\/military-vehicle-drivers-koblenz-21593.html\"><span style=\"color:#1509ec\" class=\"has-inline-color\">https:\/\/www.tv-mittelrhein.de\/show-format\/live-ab-6\/military-vehicle-drivers-koblenz-21593.html<\/span><\/a><\/p>\n","protected":false},"excerpt":{"rendered":"<p>Hier findest Du bisher ausgestrahlte TV-Beitr\u00e4ge als Clips, haupts\u00e4chlich zur Schmidtenh\u00f6he der vergangenen Jahre. Military Vehicle Drivers: Milit\u00e4rfahrzeuge im Naturschutzgebiet https:\/\/www.tv-mittelrhein.de\/show-format\/live-ab-6\/military-vehicle-drivers-koblenz-21599.html Spektakel auf der Schmidtenh\u00f6he, mit Interview mit Stephan Haussels https:\/\/www.tv-mittelrhein.de\/show-format\/live-ab-6\/spektakel-auf-der-schmidtenhoehe-30603.html Naturschutz mit dem Panzer auf der Schmidtenh\u00f6he: Ausgestrahlt im TV Mittelrhein (2018) https:\/\/www.tv-mittelrhein.de\/show-format\/live-ab-6\/naturschutz-mit-dem-panzer-22096.html Military Vehicle Drivers: Schon einmal in Kontakt mit Milit\u00e4rfahrzeugen gekommen? Interview &hellip; <\/p>\n<p><a class=\"more-link btn\" href=\"https:\/\/mvd-koblenz.de\/?page_id=2206\">Weiterlesen<\/a><\/p>\n","protected":false},"author":12,"featured_media":0,"parent":0,"menu_order":0,"comment_status":"closed","ping_status":"closed","template":"","meta":{"footnotes":""},"_links":{"self":[{"href":"https:\/\/mvd-koblenz.de\/index.php?rest_route=\/wp\/v2\/pages\/2206"}],"collection":[{"href":"https:\/\/mvd-koblenz.de\/index.php?rest_route=\/wp\/v2\/pages"}],"about":[{"href":"https:\/\/mvd-koblenz.de\/index.php?rest_route=\/wp\/v2\/types\/page"}],"author":[{"embeddable":true,"href":"https:\/\/mvd-koblenz.de\/index.php?rest_route=\/wp\/v2\/users\/12"}],"replies":[{"embeddable":true,"href":"https:\/\/mvd-koblenz.de\/index.php?rest_route=%2Fwp%2Fv2%2Fcomments&post=2206"}],"version-history":[{"count":19,"href":"https:\/\/mvd-koblenz.de\/index.php?rest_route=\/wp\/v2\/pages\/2206\/revisions"}],"predecessor-version":[{"id":2237,"href":"https:\/\/mvd-koblenz.de\/index.php?rest_route=\/wp\/v2\/pages\/2206\/revisions\/2237"}],"wp:attachment":[{"href":"https:\/\/mvd-koblenz.de\/index.php?rest_route=%2Fwp%2Fv2%2Fmedia&parent=2206"}],"curies":[{"name":"wp","href":"https:\/\/api.w.org\/{rel}","templated":true}]}}

<p>Hier findest Du bisher ausgestrahlte TV-Beiträge als Clips, hauptsächlich zur Schmidtenhöhe der vergangenen Jahre.</p>



<p><strong>Military Vehicle Drivers: Militärfahrzeuge im Naturschutzgebiet</strong></p>



<p><a href="https://www.tv-mittelrhein.de/show-format/live-ab-6/military-vehicle-drivers-koblenz-21599.html"><span style="color:#0909ec" class="has-inline-color">https://www.tv-mittelrhein.de/show-format/live-ab-6/military-vehicle-drivers-koblenz-21599.html</span></a><a href="https://www.tv-mittelrhein.de/show-format/live-ab-6/ military-vehicle-drivers-koblenz-21599.html"><span style="color:#0909ec" class="has-inline-color"><span style="color:#1509f0" class="has-inline-color"></span></span></a></p>



<p><strong>Spektakel auf der Schmidtenhöhe, mit Interview mit Stephan Haussels</strong></p>



<p><a href="https://www.tv-mittelrhein.de/show-format/live-ab-6/spektakel-auf-der-schmidtenhoehe-30603.html"><span style="color:#160aed" class="has-inline-color">https://www.tv-mittelrhein.de/show-format/live-ab-6/spektakel-auf-der-schmidtenhoehe-30603.html</span></a></p>



<p><strong>Naturschutz mit dem Panzer auf der Schmidtenhöhe: Ausgestrahlt im TV Mittelrhein (2018)</strong></p>



<p><a href="https://www.tv-mittelrhein.de/show-format/live-ab-6/naturschutz-mit-dem-panzer-22096.html"><span style="color:#0e0aed" class="has-inline-color">https://www.tv-mittelrhein.de/show-format/live-ab-6/naturschutz-mit-dem-panzer-22096.html</span></a></p>



<p><strong>Military Vehicle Drivers: Schon einmal in Kontakt mit Militärfahrzeugen gekommen? Interview mit Stephan Haussels im Studio des TV Mittelrhein (2019)</strong></p>



<p><a href="http://www.tv-mittelrhein.de/show-format/live-ab-6/military-vehicle-drivers-koblenz-21593.html"><span style="color:#1509ec" class="has-inline-color">https://www.tv-mittelrhein.de/show-format/live-ab-6/military-vehicle-drivers-koblenz-21593.html</span></a></p>

<p>Hier findest Du bisher ausgestrahlte TV-Beiträge als Clips, hauptsächlich zur Schmidtenhöhe der vergangenen Jahre. Military Vehicle Drivers: Militärfahrzeuge im Naturschutzgebiet https://www.tv-mittelrhein.de/show-format/live-ab-6/military-vehicle-drivers-koblenz-21599.html Spektakel auf der Schmidtenhöhe, mit Interview mit Stephan Haussels https://www.tv-mittelrhein.de/show-format/live-ab-6/spektakel-auf-der-schmidtenhoehe-30603.html Naturschutz mit dem Panzer auf der Schmidtenhöhe: Ausgestrahlt im TV Mittelrhein (2018) https://www.tv-mittelrhein.de/show-format/live-ab-6/naturschutz-mit-dem-panzer-22096.html Military Vehicle Drivers: Schon einmal in Kontakt mit Militärfahrzeugen gekommen? Interview &hellip; </p>
<p><a class="more-link btn" href="https://mvd-koblenz.de/?page_id=2206">Weiterlesen</a></p>
