{"id":2142,"date":"2020-07-16T17:12:23","date_gmt":"2020-07-16T15:12:23","guid":{"rendered":"https:\/\/mvd-koblenz.de\/?page_id=2142"},"modified":"2024-03-21T15:22:39","modified_gmt":"2024-03-21T13:22:39","slug":"kontakt","status":"publish","type":"page","link":"https:\/\/mvd-koblenz.de\/?page_id=2142","title":{"rendered":"Kontakt"},"content":{"rendered":"\n<p>Bitte nutze diesen Kontaktweg, um mit dem MVD ins Gespr\u00e4ch zu kommen.<\/p>\n\n\n\n<p>Bitte schreibe uns eine E-Mail und nenne Deinen Namen und Deine Rufnummer, damit wir ggf. zur\u00fcckrufen k\u00f6nnen:<\/p>\n\n\n\n<p><a href=\"&#x6d;&#x61;&#105;&#108;t&#x6f;&#x3a;&#x69;&#110;&#102;o&#x40;&#x6d;&#x76;&#100;&#45;k&#x6f;&#x62;&#x6c;&#101;&#110;z&#x2e;&#x64;&#x65;\" data-type=\"mailto\" data-id=\"&#x6d;&#97;&#x69;&#x6c;&#116;&#x6f;&#x3a;&#105;&#x6e;&#x66;&#111;&#x40;&#x6d;v&#x64;&#x2d;k&#x6f;&#98;l&#x65;&#110;z&#x2e;&#100;e\">&#x69;&#x6e;&#x66;&#111;&#64;mv&#x64;&#x2d;&#x6b;&#111;&#98;le&#x6e;&#x7a;&#x2e;&#100;&#101;<\/a><\/p>\n\n\n\n<p><\/p>\n","protected":false},"excerpt":{"rendered":"<p>Bitte nutze diesen Kontaktweg, um mit dem MVD ins Gespr\u00e4ch zu kommen. Bitte schreibe uns eine E-Mail und nenne Deinen Namen und Deine Rufnummer, damit wir ggf. zur\u00fcckrufen k\u00f6nnen: &#x69;&#x6e;&#x66;&#x6f;&#x40;&#x6d;&#x76;&#x64;&#x2d;&#x6b;&#x6f;&#x62;&#x6c;&#x65;&#110;&#122;&#46;&#100;&#101;<\/p>\n","protected":false},"author":12,"featured_media":0,"parent":0,"menu_order":0,"comment_status":"closed","ping_status":"closed","template":"","meta":{"footnotes":""},"_links":{"self":[{"href":"https:\/\/mvd-koblenz.de\/index.php?rest_route=\/wp\/v2\/pages\/2142"}],"collection":[{"href":"https:\/\/mvd-koblenz.de\/index.php?rest_route=\/wp\/v2\/pages"}],"about":[{"href":"https:\/\/mvd-koblenz.de\/index.php?rest_route=\/wp\/v2\/types\/page"}],"author":[{"embeddable":true,"href":"https:\/\/mvd-koblenz.de\/index.php?rest_route=\/wp\/v2\/users\/12"}],"replies":[{"embeddable":true,"href":"https:\/\/mvd-koblenz.de\/index.php?rest_route=%2Fwp%2Fv2%2Fcomments&post=2142"}],"version-history":[{"count":9,"href":"https:\/\/mvd-koblenz.de\/index.php?rest_route=\/wp\/v2\/pages\/2142\/revisions"}],"predecessor-version":[{"id":3136,"href":"https:\/\/mvd-koblenz.de\/index.php?rest_route=\/wp\/v2\/pages\/2142\/revisions\/3136"}],"wp:attachment":[{"href":"https:\/\/mvd-koblenz.de\/index.php?rest_route=%2Fwp%2Fv2%2Fmedia&parent=2142"}],"curies":[{"name":"wp","href":"https:\/\/api.w.org\/{rel}","templated":true}]}}